{"id":231,"date":"2025-04-30T08:33:25","date_gmt":"2025-04-30T08:33:25","guid":{"rendered":"https:\/\/rosscarroll.co.uk\/?page_id=231"},"modified":"2025-08-26T08:28:35","modified_gmt":"2025-08-26T08:28:35","slug":"edmund-burke-2","status":"publish","type":"page","link":"https:\/\/rosscarroll.co.uk\/index.php\/edmund-burke-2\/","title":{"rendered":"Edmund Burke"},"content":{"rendered":"\n<div class=\"wp-block-columns is-layout-flex wp-container-core-columns-is-layout-9d6595d7 wp-block-columns-is-layout-flex\">\n<div class=\"wp-block-column is-layout-flow wp-block-column-is-layout-flow\" style=\"flex-basis:100%\">\n<div class=\"wp-block-media-text is-stacked-on-mobile\"><figure class=\"wp-block-media-text__media\"><img loading=\"lazy\" decoding=\"async\" width=\"376\" height=\"568\" src=\"https:\/\/rosscarroll.co.uk\/wp-content\/uploads\/2025\/04\/Screenshot-2025-04-30-at-09.34.18-5.png\" alt=\"\" class=\"wp-image-324 size-full\" srcset=\"https:\/\/rosscarroll.co.uk\/wp-content\/uploads\/2025\/04\/Screenshot-2025-04-30-at-09.34.18-5.png 376w, https:\/\/rosscarroll.co.uk\/wp-content\/uploads\/2025\/04\/Screenshot-2025-04-30-at-09.34.18-5-199x300.png 199w\" sizes=\"auto, (max-width: 376px) 100vw, 376px\" \/><\/figure><div class=\"wp-block-media-text__content\">\n<p>Edmund Burke occupies an ambiguous place in the history of political thought, not least because his writings seem to contain something for everyone. His attack on the French Revolution made him a darling of liberals fearful of demotic uprisings and over-zealous reformers. Conservatives with a fondness for aristocracy love to quote his defence of chivalry; but at the same time Burke launched enough withering attacks on the haughtiness and incompetence of actual aristocrats to make the most ardent egalitarian blush. Elitists of every stripe have lauded Burke\u2019s insistence that political representatives should be free to exercise their judgment rather than be bound by instructions from their constituents. But democratic republicans can take comfort from his insistence that any Parliament that repeatedly ignores popular pressure cannot survive in the long run. Imperial nostalgics can look to Burke for inspiration on how a heterogenous empire can be prudently managed from a metropolitan centre. At the same time, the anti-colonial left has found much to admire in Burke\u2019s effort to bring the sufferings caused by the East India Company to bear on the consciousness of the British political elite.<\/p>\n\n\n\n<p>Rather than try to recover the one true Burke from those who have selectively read or misread him, my aim in this book has been to show how the tensions running through Burke\u2019s thought are a virtue rather than a vice. Burke, I argue, was above all an active political agent who spent his career diagnosing the different forms of misrule that ailed the British body politic. If his writings occasionally seemed contradictory, this was because the ways in which rulers could fail or abuse their power were numerous and messy. If Burke\u2019s political thought lacks a smooth consistency, then that\u2019s largely because politics itself is never smooth either.<\/p>\n<\/div><\/div>\n<\/div>\n<\/div>\n\n\n\n<p><\/p>\n\n\n\n<p>Reviews: <\/p>\n\n\n\n<p><a href=\"https:\/\/www-cambridge-org.dcu.idm.oclc.org\/core\/journals\/review-of-politics\/article\/ross-carroll-edmund-burke-and-the-varieties-of-misrule-cambridge-uk-polity-press-2024-pp-x-226\/7E73B725240663FC5B3FE60CB70A673B\" title=\"\">Gregory Collins in <em>Review of Politics <\/em><\/a><\/p>\n\n\n\n<p><a href=\"https:\/\/www-tandfonline-com.dcu.idm.oclc.org\/doi\/full\/10.1080\/07907184.2025.2473813\" title=\"\">Iseult Honohon in<em> Irish Political Studies <\/em><\/a><\/p>\n\n\n\n<p><a href=\"https:\/\/www.books.fr\/edmund-burke-un-conservateur-des-lumieres\/\" title=\"\">Michel Andr\u00e9 in <em>Books: L&#8217;actualit\u00e9 \u00e1 la lumi\u00e8re des livres<\/em> [in French] <\/a><\/p>\n\n\n\n<p><a href=\"https:\/\/lawliberty.org\/book-review\/the-many-sides-of-burke\/\" title=\"\">Max Skj\u00f6nsberg in <em>Law and Liberty<\/em><\/a><\/p>\n\n\n\n<p><a href=\"https:\/\/oxfordpoliticalreview.com\/2025\/03\/24\/reappraising-a-controversial-figure-ross-carrolls-edmund-burke\/\" title=\"\">Morien Robertson in<em> Oxford Political Review<\/em> <\/a><\/p>\n","protected":false},"excerpt":{"rendered":"<p>Edmund Burke occupies an ambiguous place in the history of political thought, not least because his writings seem to contain something for everyone. His attack on the French Revolution made him a darling of liberals fearful of demotic uprisings and over-zealous reformers. Conservatives with a fondness for aristocracy love to quote his defence of chivalry; but at the same time Burke launched enough withering attacks on the haughtiness and incompetence of actual aristocrats to make the most ardent egalitarian blush. Elitists of every stripe have lauded Burke\u2019s insistence that political representatives should be free to exercise their judgment rather than be bound by instructions from their constituents. But democratic republicans can take comfort from his insistence that any Parliament that repeatedly ignores popular pressure cannot survive in the long run. Imperial nostalgics can look to Burke for inspiration on how a heterogenous empire can be prudently managed from a metropolitan centre. At the same time, the anti-colonial left has found much to admire in Burke\u2019s effort to bring the sufferings caused by the East India Company to bear on the consciousness of the British political elite. Rather than try to recover the one true Burke from those who have selectively read or misread him, my aim in this book has been to show how the tensions running through Burke\u2019s thought are a virtue rather than a vice. Burke, I argue, was above all an active political agent who spent his career diagnosing the different forms of misrule that ailed the British body politic. If his writings occasionally seemed contradictory, this was because the ways in which rulers could fail or abuse their power were numerous and messy. If Burke\u2019s political thought lacks a smooth consistency, then that\u2019s largely because politics itself is never smooth either. Reviews: Gregory Collins in Review of Politics Iseult Honohon in Irish Political Studies Michel Andr\u00e9 in Books: L&#8217;actualit\u00e9 \u00e1 la lumi\u00e8re des livres [in French] Max Skj\u00f6nsberg in Law and Liberty Morien Robertson in Oxford Political Review<\/p>\n","protected":false},"author":1,"featured_media":0,"parent":0,"menu_order":0,"comment_status":"closed","ping_status":"closed","template":"","meta":{"_monsterinsights_skip_tracking":false,"_monsterinsights_sitenote_active":false,"_monsterinsights_sitenote_note":"","_monsterinsights_sitenote_category":0,"footnotes":""},"class_list":["post-231","page","type-page","status-publish","hentry"],"aioseo_notices":[],"_links":{"self":[{"href":"https:\/\/rosscarroll.co.uk\/index.php\/wp-json\/wp\/v2\/pages\/231","targetHints":{"allow":["GET"]}}],"collection":[{"href":"https:\/\/rosscarroll.co.uk\/index.php\/wp-json\/wp\/v2\/pages"}],"about":[{"href":"https:\/\/rosscarroll.co.uk\/index.php\/wp-json\/wp\/v2\/types\/page"}],"author":[{"embeddable":true,"href":"https:\/\/rosscarroll.co.uk\/index.php\/wp-json\/wp\/v2\/users\/1"}],"replies":[{"embeddable":true,"href":"https:\/\/rosscarroll.co.uk\/index.php\/wp-json\/wp\/v2\/comments?post=231"}],"version-history":[{"count":14,"href":"https:\/\/rosscarroll.co.uk\/index.php\/wp-json\/wp\/v2\/pages\/231\/revisions"}],"predecessor-version":[{"id":336,"href":"https:\/\/rosscarroll.co.uk\/index.php\/wp-json\/wp\/v2\/pages\/231\/revisions\/336"}],"wp:attachment":[{"href":"https:\/\/rosscarroll.co.uk\/index.php\/wp-json\/wp\/v2\/media?parent=231"}],"curies":[{"name":"wp","href":"https:\/\/api.w.org\/{rel}","templated":true}]}}